1
Suppose -4*d = -29 - 75. Let w = 2470 - 4225. Let p be 8/6*(w/6)/(-5). Calculate the greatest common factor of d and p.
26
Suppose 2*h - 16 - 6 = -4*f, -3*h + 5*f - 22 = 0. Calculate the greatest common divisor of h and 372.
1
Let x(i) = -4*i**3 + 2*i**2 + 1. Let f be x(-3). Let k = -105 + f. Calculate the greatest common factor of k and 374.
22
Suppose 42*f - 24*f = 594. What is the highest common divisor of 363 and f?
33
Suppose -44*k - 182 + 310 = -664. Calculate the greatest common divisor of 2718 and k.
18
Let h = -384 - -388. Let i be 342 - h/(32/(-24)). What is the greatest common divisor of 15 and i?
15
Let c be (1/(-3))/(9*3/(-648)). Calculate the highest common divisor of 1016 and c.
8
Suppose -2*a - 45 = 35. Let z be 838/(-14) - (3 + a/14). Let o = 63 + z. Calculate the greatest common divisor of o and 15.
3
Let r be ((-36)/(-8))/(2/8). Let m be (-10 - -13) + (238 - -2). Calculate the highest common factor of r and m.
9
Let a(o) = -4*o - 24. Let i be a(-7). Suppose -99 = -i*k + k - r, -99 = -3*k - 4*r. Let j = -13 + k. What is the highest common divisor of j and 100?
20
Let s(a) = 117*a - 366. Let m(j) = -24*j + 73. Let z(t) = -24*m(t) - 5*s(t). Let i be z(8). Calculate the greatest common divisor of 66 and i.
6
Let c = 30 - 16. Let a = 23 - c. Suppose -113*h + 19 = -114*h, 0 = -q - 26*h - 493. What is the highest common factor of q and a?
1
Let s = 7859 - 7856. What is the highest common divisor of s and 339?
3
Suppose 8 = 4*u - 3*u. Let y(c) = -8*c - 41. Let k be y(-5). Let g = 11 - k. What is the highest common factor of g and u?
4
Suppose -694*p + 624 = -678*p. Calculate the greatest common factor of 9 and p.
3
Let f = -1088 + 1119. What is the highest common factor of f and 7471?
31
Let y(x) = -201*x - 12. Let m = -226 - -225. Let f be y(m). What is the highest common divisor of 54 and f?
27
Let m(h) = 43*h**2 + 31*h + 162. Let b be m(-6). Calculate the greatest common divisor of b and 12.
12
Let k(t) be the second derivative of 3*t**3 + 37*t**2/2 + t + 4. Let b be k(14). Calculate the highest common factor of 17 and b.
17
Suppose 4*g - 2*o - 1300 = 0, -1115*o - 316 = -g - 1110*o. Calculate the greatest common factor of g and 2119.
163
Let v(y) = 753*y + 9067. Let q be v(-12). Calculate the greatest common divisor of q and 7471.
31
Let i be -48*-1*(-4)/6. Suppose 2*n - 5*n + 3*z = 102, n - 2*z + 33 = 0. Let w = i - n. What is the greatest common factor of 3 and w?
3
Let l(n) = 2*n**2 - 265*n + 3683. Let v be l(15). Calculate the highest common divisor of 22 and v.
2
Suppose 2*b + 8 = 0, 0*y - 5*y + b + 1439 = 0. Let q(p) = 79*p**2 + 3. Let t be q(1). Calculate the greatest common factor of y and t.
41
Suppose 40 + 44 = 6*r. Let p = 10 - r. Let h be 2/p + 13/2. What is the highest common divisor of h and 15?
3
Let y = 8 + -5. Suppose -y*t + 844 = -4*m, 3*m + 2*m - 1465 = -5*t. Let k = -132 - -164. Calculate the greatest common factor of t and k.
32
Let a(n) = 2*n**3 - 6*n**2 - 10. Suppose 4*u - 2*u - 10 = 0. Let r be a(u). Calculate the highest common factor of r and 36.
18
Let r be (-38872)/(-40) - 1/(-5). Let f be r/4 - (-1 + -3). Let c = 492 - f. What is the greatest common factor of 35 and c?
35
Let w = 50332 + -50228. Suppose -3*h + 26 = -2*h. Calculate the greatest common factor of w and h.
26
Let i = -31717 - -32117. Calculate the highest common divisor of 1550 and i.
50
Let a(l) = -l**3 - 8*l**2 - 12*l - 12. Let n be 2/8 - (-783)/(-108). Let t be a(n). What is the greatest common divisor of t and 299?
23
Let o(j) = -j**3 - j + 22. Let g be o(0). Let s(f) = 6 + g + 2*f**2 - 6*f**2 + 3*f**2 + f**3. Let a be s(0). What is the highest common divisor of a and 70?
14
Let k(s) = -5*s - 17. Let p be (2/(-3))/(36/378). Let h be k(p). Suppose 4*z + 2*a = h, z + z - 5*a = 39. What is the greatest common factor of 21 and z?
7
Suppose 7*w - 527 = -3565. Let b be 14/6*(-31)/(w/168). Suppose 16 + 12 = h. Calculate the highest common factor of b and h.
28
Let f = 1772 - 1075. What is the highest common divisor of f and 51?
17
Suppose -2*p + 4*i = -512, -p - i = 2*i - 266. Suppose -13*l = -p - 91. What is the highest common factor of 9 and l?
9
Let i = 4298 - 2802. Suppose -1497*z = -i*z - 78. Calculate the highest common divisor of 6 and z.
6
Let r(j) = 6*j**2 - 11*j - 25. Let t be r(-11). Let x be (-8)/(-4) + (-1)/((-3)/t). What is the highest common factor of x and 12?
12
Let s(o) = -41*o + 3. Let w be s(-3). Let j(q) = -137*q + 3. Let z be j(-1). Suppose 11*i - z = i. Calculate the greatest common factor of i and w.
14
Suppose 0 = 4*y + 2 + 22. Let t(f) = -f**3 - 7*f**2 - 6*f - 11. Let g be t(y). Let l = 23 + g. Calculate the greatest common factor of 30 and l.
6
Let g be (-473)/(-11) - (0 - 8)/(-2). Let b = -7 + 2. Let r be (-1 - b)/((-1)/(-13)). What is the greatest common factor of g and r?
13
Suppose 0 = 9*z - 3*z - 90. Let r(c) = -c**3 + 14*c**2 - 23*c - 3. Let o be r(12). Calculate the greatest common factor of z and o.
3
Let r be 1 + (-5175)/(-7) - (2400/(-175) + 14). Calculate the highest common divisor of r and 12025.
185
Let p(t) = t**3 - t**2 - 2*t - 1. Let j be p(7). Let w be 3/(-10)*24800/(-240). Calculate the greatest common divisor of j and w.
31
Let w = 168 - 164. Let z = 230 - 226. Calculate the highest common factor of w and z.
4
Suppose 137*x - 166*x = -1131. Calculate the greatest common divisor of 249 and x.
3
Let m(j) = -j**2 - 171*j - 69. Let d be m(-60). Calculate the highest common divisor of 39 and d.
39
Let q = 554 + -450. What is the highest common factor of q and 1430?
26
Suppose -60 = o - u - 138, -2*o - 5*u = -170. Calculate the greatest common divisor of o and 580.
20
Suppose 0 = t - l - l - 3, t + 3*l - 3 = 0. Let p be (756/(-3))/(-3) + (-1 - t). Calculate the greatest common factor of 16 and p.
16
Let o be (220/85)/((-20)/(-170)). Calculate the greatest common divisor of o and 3058.
22
Suppose 0 = -c + 5*u - 5525, 2*c - 5*u = 1098 - 12123. Let z be ((-6)/(-4))/((-150)/c). What is the greatest common factor of 5 and z?
5
Suppose -c = 5*w - 1748, -w - 3517 = -2*c - 4*w. Calculate the highest common divisor of 86 and c.
43
Let h = 75 - 32. Let n = h + -20. Suppose -x - 2 + n = 0. Calculate the highest common divisor of 231 and x.
21
Let w = -74 - -74. Suppose -7*y + 407 - 43 = w. Let f(x) = -2*x**3 - 9*x**2 - 4*x - 2. Let s be f(-6). What is the highest common factor of y and s?
26
Let v be ((-759)/22)/((-3)/36). Calculate the highest common factor of 345 and v.
69
Let n = 50 - 1. Let w = 761 - 369. Calculate the highest common divisor of w and n.
49
Let s be (-9 - (0 + 4))/(-1). Let f = -2 - -7. Let m be (-13)/(-1)*2*f/10. What is the greatest common factor of m and s?
13
Let o = 8606 - 8598. What is the highest common factor of 7604 and o?
4
Let n(o) = 16*o**2 + 6*o + 10. Let j be n(-4). Let w(u) = -105*u + 547. Let m be w(5). Calculate the highest common factor of j and m.
22
Suppose -17845 = 92*k - 80196 - 94141. What is the highest common divisor of 21 and k?
21
Suppose 0 = -4*d - o + 191, 3*o = -3*d + 6*o + 147. Let v be d - 3 - (3 + 0). Suppose -18 = 3*x - 6*x. What is the greatest common factor of v and x?
6
Let i be 6*((-372)/72 - -6). Suppose -4*r + 12 = -4*u, 5*r - u + 3 = 22. Suppose 21 = r*p + i. Calculate the greatest common factor of p and 36.
4
Suppose 4*w - 10476 = -f, 2*f - 2194 = -3*w + 5668. What is the greatest common divisor of 33 and w?
11
Let w(u) = u**2 - 12*u + 10. Suppose m + 60 = 6*m. Let a be w(m). Let h be 540/25 - ((-24)/a + 2). Calculate the highest common divisor of h and 242.
22
Let m be 0 + 10 + -22 + -25 + 4339. Calculate the highest common factor of m and 90.
18
Suppose -16*i + 394 - 60 = -98. Suppose 0 = 6*o - o - 1035. Calculate the greatest common factor of i and o.
9
Suppose -5*f = -4*v - 342, -f + 3*v + v + 62 = 0. Suppose 0 = n - 3*n + 28. Calculate the greatest common divisor of n and f.
14
Suppose 4*n - 5 = -5*h, -5*n - 7 = 3*h - 10. Suppose -6*l - 359 + 695 = n. What is the highest common factor of l and 84?
28
Let j be (-3)/(-15)*(26 - 1). Calculate the highest common divisor of 605 and j.
5
Suppose -8*c + 2563 = l, 3*l = -2*c + 7 + 642. What is the greatest common factor of c and 280?
40
Suppose -4*j = 22 - 18, -5*p = 5*j - 1325. Calculate the highe